/(-245)). Let m(q) = -3*q - 16. List the prime factors of m(b).
2, 13
Let h be (-4)/14 + 8/28. What are the prime factors of 5 + 15 - (h - -1)?
19
Suppose -2*v + 10 + 30 = 0. Let k = v - -3. What are the prime factors of k?
23
List the prime factors of (5/(-5) + 2)*3*8.
2, 3
What are the prime factors of (6/(-4) - -1)*-4?
2
List the prime factors of 32/(2/2 - 0).
2
Let m = 14 - 13. What are the prime factors of (m/1)/(6/30)?
5
Let a(x) = -x - 3. Let u be a(-6). Suppose 3*v - o = -26, -3*v - 2*o - 14 = u*o. Let l(g) = -g**2 - 8*g + 3. List the prime factors of l(v).
3
Let v = 95 + -27. Suppose 2*x = 2*f + 32, 0 = -4*x - 0*x + 5*f + v. List the prime factors of x.
2, 3
Suppose 5*d + 26 - 1 = 2*h, 5 = -d - 5*h. Let u = 7 + d. Suppose 1 = u*o - 7. What are the prime factors of o?
2
Let r(t) be the first derivative of -t**5/120 + 7*t**4/24 - t**3/3 + 1. Let j(g) be the third derivative of r(g). List the prime factors of j(5).
2
Suppose 4*o = -1 + 97. What are the prime factors of o?
2, 3
Suppose 3*x + 19 = 2*v, 0*v = 2*v - x - 9. Let z = v + 0. Let m = 8 - z. What are the prime factors of m?
2, 3
Let p be 3 + (24/(-4))/(-2). Suppose -p*g = -g - 150. What are the prime factors of g?
2, 3, 5
Suppose 5*w - 4*u - 154 = 6, -3*u + 160 = 5*w. Let z = -13 + w. List the prime factors of z.
19
Let i = 11 + 2. Suppose 0 = w - i - 5. What are the prime factors of w?
2, 3
Suppose 0 = 12*h - 16*h + 444. List the prime factors of h.
3, 37
Suppose 0 = -5*y + f + 11, 2*y + 0*y + 3*f - 1 = 0. Let w(p) = p**y + 0 - 2 + 0*p + p + 4. What are the prime factors of w(-2)?
2
What are the prime factors of (-1050)/20*4/(-6)?
5, 7
Let p(m) = -m**3 + 1. Let n be p(-2). Let o(r) = -r**3 + 11*r**2 - 12*r - 1. List the prime factors of o(n).
53
Let a(t) = -t**2 + 6*t + 2. What are the prime factors of a(5)?
7
Suppose 3*y + 2*h = -0*h + 100, -6 = -3*h. List the prime factors of y.
2
Let n be (-5)/(-10) + 5/2. Let w = 1 - n. Let t = 1 - w. What are the prime factors of t?
3
Let s(j) = -3*j**2 + 13*j - 4. Let i(z) = -10*z**2 + 38*z - 13. Let o(v) = -2*i(v) + 7*s(v). What are the prime factors of o(14)?
2, 3
Let g be -4*(-6)/4 + -2. Suppose 0 = g*n - n - 21. List the prime factors of n.
7
Let y = -9 - 25. Let r = y - -64. What are the prime factors of r?
2, 3, 5
Suppose -i + 2 = 1. Let t = 5 + 0. Let u = t - i. List the prime factors of u.
2
Suppose 0 = 4*t + 5*z - 309, 6*t = t + 5*z + 330. List the prime factors of t.
71
Suppose 81 = 4*h + 5*l, 53 = 2*h + 6*l - l. What are the prime factors of h?
2, 7
Let t = 17 - 2. What are the prime factors of t?
3, 5
Suppose -2*w = -3*w + 7. Suppose x = -2*u + 7, x + 3*u - 13 = -x. Suppose 0 = x*m - 4*k - 43, -w*k + 2*k - 24 = -2*m. What are the prime factors of m?
7
Let v = 1 - -1. List the prime factors of (v + 9)*(-2)/(-2).
11
Let b(g) = -5*g - 3. Let t(i) = -i - 1. Let u(k) = b(k) - 4*t(k). Suppose 3*n = -0*n - 18. What are the prime factors of u(n)?
7
Let o(l) = -l**2 - 7*l + 11. Let r be o(-8). Suppose 8 + 4 = -4*t, t - r = -2*d. Let g = 12 - d. What are the prime factors of g?
3
Let f = 9 - 21. Let q = f + 17. Suppose -5*s + c + 16 = -2*c, -2*s + 5*c - q = 0. What are the prime factors of s?
5
Let z = -238 + 167. Let g = z - -102. List the prime factors of g.
31
Let d = 68 + -41. What are the prime factors of d?
3
Let d be 1 - (3 - (-3 + 1)). Let p be (4/12)/((-2)/6). List the prime factors of 0/(-1) - (p + d).
5
Let w(d) = -d**2 + 5*d + 6. Let h be w(5). Suppose f - h = 4*f. What are the prime factors of (f + (-6)/(-5))*-15?
2, 3
Let z(y) = 4*y**2 + 2*y + 1. Let w be z(-2). Suppose 3*d - 74 - w = 0. List the prime factors of d.
29
Let u(y) = -16*y - 16. List the prime factors of u(-6).
2, 5
Let o be (-2)/(-8) + (-33)/(-12). Suppose -y + z - 1 = 0, 0 = -2*y + o*z + 2*z - 14. Suppose -23 + y = -4*x. List the prime factors of x.
5
Suppose 3*i + i - 232 = 0. What are the prime factors of i?
2, 29
What are the prime factors of (-1)/(-3)*(-1 - -520)?
173
Suppose -115 = -y + 73. List the prime factors of y.
2, 47
Let g(i) = i**2 - 3*i. Suppose -2*r + 0 + 8 = 0. Let z be g(r). Suppose 3*c + z - 28 = 0. What are the prime factors of c?
2
Let b = 2 - 5. Let u be (3 - 0)*4/b. Let c = u - -7. What are the prime factors of c?
3
Let t(d) = 3 - d - 2 + 9 + 0*d. Let q be t(8). Suppose -16 = -q*u + 2. What are the prime factors of u?
3
Let i(t) = 43*t**2 - 2*t + 1. List the prime factors of i(1).
2, 3, 7
Let p(n) = -3*n**3 - 13*n**2 - 5*n + 18. List the prime factors of p(-6).
2, 3, 19
Let s(v) = -v**3 + 3*v**2 - 1. Let c be s(2). Suppose -c*t - b = t - 70, 2*b - 32 = -2*t. What are the prime factors of t?
2, 3
Let b(d) = -d**2 + d - 2. Let g be b(2). Let t = 11 + g. List the prime factors of t.
7
Let t = -10 + 41. What are the prime factors of t?
31
Let b(o) = -2*o**2 - 5*o - 2. Let s be b(-3). Let i(y) = -4*y - 4. Let h be i(s). List the prime factors of h + 1*0/(-2).
2
Let c = -316 - -550. List the prime factors of (4/6)/(12/c).
13
Let r(c) = -c**3 - 5*c**2 - 5*c - 4. Let w be r(-4). Let z(l) = 4*l**3 + 3 + 4*l - 5*l**3 + w. List the prime factors of z(-2).
3
Let f(p) = -p - 3. Let c be f(-3). Suppose 3*j + 4*x = c, 7*x = 3*j + 4*x - 21. Suppose j*n = 13 + 31. What are the prime factors of n?
11
Let h = 27 - -9. List the prime factors of h.
2, 3
Suppose -5*y + 3*y - 18 = 0. Let i(g) = 2*g - 4*g + 12 + 3*g. List the prime factors of i(y).
3
Let a = -10 - -14. Suppose -3*w + 5*p = -59, -5*p = -a*w + 2*w + 41. List the prime factors of w.
2, 3
Suppose -f = 0, 4*f = i + 2*f - 25. Suppose 3*y = -2*z + i, 0 = 2*z + 2. Let l(d) = d + 2. List the prime factors of l(y).
11
Suppose -v + 59 = -27. List the prime factors of v.
2, 43
Let r be (1 + -4 - -2) + 30. Let l = -21 + r. List the prime factors of l.
2
Let v(d) = 3*d - d - 3*d + 5. Let u be v(0). Suppose 0 = -5*b + u*i + 55, 4*b = -2*i + 14 + 24. What are the prime factors of b?
2, 5
Let x(w) = -7*w - 10. Let l be x(-5). Let f = l - 10. What are the prime factors of f?
3, 5
Suppose -l + 5*y + 28 = -16, -l + 29 = -2*y. Let i = 24 - l. What are the prime factors of i?
5
Let t(y) = -y**3 + 10*y**2 + 26*y + 14. List the prime factors of t(11).
179
Suppose 3*u + 17 - 89 = 0. Suppose 0 = 2*y - u - 2. List the prime factors of y.
13
Let x(s) = s**3 - 7*s**2 + 8*s. Let j be x(6). Suppose c = 4*c + 18. List the prime factors of (j/1)/(c - -7).
2, 3
Let l(x) = x**3 + 14*x**2 - 4*x - 24. List the prime factors of l(-14).
2
Let c(j) = 12*j - 2. Let g be c(3). Suppose 18 = 4*k - g. Let m = -8 + k. List the prime factors of m.
5
Let d be (0 - 1) + 3 + -2. Suppose -5*a - 40 = -d*a. Let j = -1 - a. List the prime factors of j.
7
Let k = -11 - -14. Suppose -k*q + 4*q + 6 = 4*l, 0 = 2*q - 3*l - 13. List the prime factors of q.
2, 7
What are the prime factors of (6/(-4))/(21/(-98))?
7
Suppose 10*q - 5*q = 25. Suppose 13 = a + q. Suppose 3*j - 7 = a. What are the prime factors of j?
5
Let c(w) = -2*w**2 + w - 1. Let j(r) = r**2 - r. Let a(f) = 6*c(f) + 13*j(f). Let k be a(8). Suppose k = 2*p - 20. List the prime factors of p.
11
Suppose 2*r = -3*p + 4*r + 79, 0 = 3*r + 15. What are the prime factors of p?
23
Let y be (-1 + 9/15)*-10. Let w be (4/y)/(2/4). Suppose -w*r - 3*r = -65. List the prime factors of r.
13
Suppose -3*v = 22 - 85. Suppose v = 4*u + 5. Suppose 0 = q - u*q + 15. What are the prime factors of q?
5
Suppose -j = 10 + 4. Let u = -8 - j. Suppose 2*d - 5*d = -u. List the prime factors of d.
2
Let m be (-4)/28 + 2/14. List the prime factors of 33/6*2 + m.
11
Let i be 1258/4 - (-2)/(-4). Suppose -124 = 5*w - i. What are the prime factors of w?
2, 19
Suppose -6*q = -3*q + 18. List the prime factors of q*((-13)/3 + 2).
2, 7
Let r = -81 - -217. List the prime factors of r.
2, 17
Suppose 12 = 5*z + 2. Suppose 5*q = -3*m + 37, -z*m + 0*m - q + 13 = 0. List the prime factors of m.
2
Let w be ((-3)/(-2))/((-3)/(-8)). Suppose 5*l - w - 21 = 0, 34 = 3*t - 4*l. Suppose -s + 11 = -4*o, -2*s + 2*o + t = -2*o. List the prime factors of s.
7
Let x(g) = -8*g - 5 + g**2 + 7*g + 0*g + 12. List the prime factors of x(5).
3
Let w(k) = 24*k**3 + k**2 - 1. Let t be w(1). Let g = -15 - -20. Suppose -4*m = -7*p + 3*p - t, m = g*p + 22. What are the prime factors of m?
2
Let w be (1 - (-1 - 4))/(-1). Let b = 9 + w. Suppose 0 = b*z -